8 - -17) + (-1 - -8)?
6
What is the value of (-4 - 0) + (3 - (2 - 5))?
2
What is the value of 2 + -8 + 9 + 3 + -1?
5
What is 1 - (4 + (-3 - -3))?
-3
7 - (24 + -7 - 5)
-5
What is -15 - -17 - (1 - 5 - 1)?
7
(2 - 2) + (5 - 0)
5
Evaluate -5 + (2 - 5) + 5.
-3
What is the value of (-4 - (-5 - 3)) + (2 - 6)?
0
-14 + -2 + 6 + 6
-4
What is 8 + (1 - 0) + -4?
5
Calculate (4 - (1 + 3)) + -1.
-1
Evaluate 3 + 1 + -2 - 2.
0
What is the value of 3 - (-1 + 0) - -1?
5
Calculate 1 - 2 - -4 - -2.
5
What is 1 + -2 + 4 + 0?
3
Evaluate 0 + (-10 - -5 - -3).
-2
What is -9 + 13 + -3 + 2?
3
Evaluate -1 + 6 - (-5 - -14) - -5.
1
Evaluate -1 - ((2 - (1 + 0)) + -6).
4
What is -1 + -12 - (102 + -111)?
-4
What is the value of 5 - (1 - 6) - 4?
6
Evaluate (5 - (10 - -5 - 6)) + 8.
4
Calculate -15 + -2 + 89 + -80.
-8
Evaluate -4 - (1 + 7 + -12).
0
Evaluate -4 + (1 - 0) - -6 - -2.
5
Calculate 1 + -7 + -3 + 5 + -1.
-5
Evaluate (2 - -6) + -11 + -2.
-5
Calculate 1 + 4 - (23 - 14).
-4
Evaluate 15 + (-4 - 3) - (6 + -1).
3
What is -7 + -1 + 3 + -2?
-7
Evaluate (5 - -1) + 7 - 6 - 0.
7
8 + -1 + (2 - 5) + 1
5
1 + 4 + -2 + -11 + 9
1
(8 - (7 - 6)) + -1 + 0
6
What is (2 - (1 - -4)) + (-2 - -5)?
0
Calculate (6 - -7) + -13 + 6.
6
What is the value of 11 + -1 + -4 + -3 + 2?
5
(2 - 6 - (5 + -8)) + 2
1
What is the value of 7 + (3 - (10 + 1))?
-1
What is the value of (4 - 2) + (-5 - (5 - 6))?
-2
Calculate 6 + 1 + -2 + 0.
5
Evaluate 1 - (4 + (-3 - (-1 + -1))).
-2
Calculate -16 - (-22 + -13 + 20).
-1
What is -6 - (6 + -4 - 5)?
-3
-3 + (4 - (-4 - -7)) + 2
0
Evaluate (6 - 2) + (4 - 11).
-3
Evaluate 4 - 2 - (5 - 1) - -8.
6
(-1 - 1 - -1) + 97 + -101
-5
Calculate 13 + (7 - 8) - 6.
6
Calculate 0 + -3 - (2 - 4).
-1
Calculate -6 - 0 - (-7 - 3 - -6).
-2
(-1 - 1) + -8 + 12 + 3
5
What is (6 - 6 - 3) + 4?
1
What is the value of -19 - -30 - (0 - -6)?
5
What is 12 + -5 - 3 - 2?
2
What is the value of -1 + -4 - 3 - -2?
-6
(4 - 0) + (-8 - 0)
-4
What is -5 - (-5 + 4 + -7)?
3
What is the value of 2 - -2 - (-4 - (-16 + 8))?
0
-2 - (5 + (-4 - 1) + -4)
2
Calculate (-8 - -2) + (16 - 5).
5
-3 + (3 + 0 - -1) + -4
-3
(-5 - -1) + (2 - -5)
3
Calculate (-4 - (-9 + -2)) + -2.
5
What is the value of 1 + 0 + (10 - 10)?
1
What is 12 + (-11 - -3) + -2?
2
(-6 - -1) + -23 + 35
7
What is 2 - ((4 - 3) + -3)?
4
-3 - (0 - 3 - 2) - 7
-5
Evaluate (1 - -1) + 5 + -7.
0
Calculate -4 + 0 + (9 - 0).
5
What is (8 - (26 - 9)) + 4?
-5
What is 2 + -2 + -1 + -3 + 6?
2
-2 + (3 - 5) + 6 + 0
2
Evaluate (0 - (5 - 8)) + -2 + 4.
5
Calculate 11 - 12 - (-1 + 1 - 0).
-1
Evaluate -2 + 1 + -2 + (14 - 7).
4
What is -7 + 1 + -29 + 30?
-5
What is the value of 10 - (1 + 2) - 5?
2
What is (1 - (4 + -6)) + -2 + 5?
6
What is -1 - 0 - -2 - (-6 - -8)?
-1
What is the value of 4 + 2 + -3 - 4 - 1?
-2
Evaluate (7 - 19 - -2) + 2.
-8
-5 - -4 - (2 + -5)
2
What is 1 + -7 - (31 - 34)?
-3
What is 0 + -26 + 30 + (-3 - 1)?
0
What is the value of -1 + 1 + (-12 + 8 - -3)?
-1
What is -5 - (-5 - -4) - -2 - -4?
2
-15 - -19 - (0 + 2)
2
(2 - 1) + 3 + 1 + -6
-1
Evaluate 4 + 1 + (-13 - -4).
-4
Calculate 1 - 3 - -3 - 1 - 3.
-3
Evaluate -1 + 3 + -3 - -3.
2
What is the value of (1 - (-2 - -1)) + -1 + 2?
3
What is the value of -3 + (2 - 0) + 5?
4
What is 3 + (1 - 5) + (1 - -2)?
2
What is 2 + (5 - 6) - (2 + 0)?
-1
What is 4 + -2 - (-6 + 4 - 0)?
4
0 + -1 + -1 + -2
-4
What is the value of 2 + 5 + 6 + -15?
-2
What is 0 + 2 - (9 + -4 - 5)?
2
Evaluate -3 - (1 + -6) - (1 - -1).
0
Calculate -1 - 3 - (-1 + -2).
-1
6 + 4 - (2 - -6)
2
What is the value of 3 + 6 + -4 - 3?
2
What is the value of (20 - 13) + (-3 - 1)?
3
What is 9 + (-24 - (-17 - -8))?
-6
What is the value of -2 + 5 + (0 - 3)?
0
Evaluate (-4 - -7) + 3 + -1.
5
What is the value of 7 + 3 + (-11 - -8)?
7
What is the value of 1 + 1 + (4 - 7)?
-1
Evaluate 2 - (16 - 11) - 2.
-5
What is 1 + 4 + 12 + -17 + 4?
4
What is the value of -6 + -6 + 5 + 0?
-7
116 - 129 - (0 - 11)
-2
What is the value of 6 + (-11 - (4 + -2))?
-7
What is 6 - (12 + -7) - (-6 - -2)?
5
Calculate -3 + -1 + -1 + 1 + 9.
5
What is (-1 + -2 - 3) + (-12 - -15)?
-3
What is the value of -2 - (1 + (3 - 0) + -2)?
-4
Calculate (6 - (12 + -4)) + 5.
3
Calculate -2 - (1 + -6 - (-4 - 0)).
-1
What is (-7 - 5) + 7 + 13 + -1?
7
Evaluate -2 + (-4 - (-14 - -6)) - 0.
2
What is -5 - -6 - (4 + -4)?
1
What is 7 + -8 - (2 - 1)?
-2
Calculate 0 - ((-3 - -6) + -4).
1
2 - (-4 + (-1 - 1) + 3)
5
Evaluate -11 - (-15 - -7) - -6.
3
-2 + -1 + -2 + 3
-2
Evaluate 0 + (-4 - -1 - (6 - 5)).
-4
Evaluate 67 + -64 + (0 - 0).
3
Calculate (2 - (8 - 2)) + 3.
-1
What is -3 + 6 + -5 + 6?
4
Calculate -2 + (1 - 3) + 1 - 1.
-4
Calculate (-24 - -15) + 3 + 1 + 3.
-2
(1 - 5 - -5) + -5
-4
9 + (1 - 1) + 6 + -10
5
Evaluate -1 + 4 + 1 + 4 + -4.
4
Evaluate -5 + 13 + -6 + 1.
3
What is (0 - -2) + (-5 - (-8 - 1))?
6
2 + 5 + 2 - 10
-1
What is -4 - (8 + (-4 - (6 - 3)))?
-5
Evaluate 1 - -1 - (6 - (14 + -6)).
4
Calculate -14 + 14 + 3 + -2.
1
(-3 - (-10 - 3)) + (12 - 15)
7
What is the value of 2 - 1 - (-7 + -5 + 4)?
9
Evaluate 1 + (-1 - -2) - (-2 + 5).
-1
Calculate 0 + 0 + -3 - (60 + -61).
-2
What is the value of 3 - 9 - -2 - (10 + -17)?
3
Calculate 25 + -27 + (-4 + 2 - -2).
-2
What is 1 - ((11 - -4) + (3 - 9))?
-8
What is the value of -7 + (4 - -2) - (2 + 0)?
-3
Calculate -3 - 15 - -8 - -5.
-5
What is the value of -11 - (0 + -4 + -3)?
-4
What is -2 - 0 - (1 + -3 + 0)?
0
-3 + (0 - 3 - -1)
-5
Evaluate (0 - 2) + 3 + -1 + 2.
2
What is 3 + -2 + 2 + (0 - -2)?
5
(-2 - (1 + 1)) + 3
-1
What is the value of (6 - 5 - 4) + (-3 - -2)?
-4
Evaluate 3 + 2 + 11 + (4 - 9).
11
What is (-1 - 2) + -7 + 8 + 0?
-2
Calculate (-20 - -12) + 0 - 2.
-10
What is 8 - (8 + -5 + 0)?
5
What is the value of 6 + (7 - 1 - 12) + 4?
4
Calculate 32 - (9 - 0) - 14.
9
What is 15 - 10 - (-1 - -10)?
-4
Evaluate -6 + -2 - (-7 - -4).
-5
What is the value of (-5 - -1) + (-17 - -23) + -7?
-5
What is 3 + (-2 + 1 - 2)?
0
Calculate 7 - 5 - 6 - (1 + -2).
-3
Calculate 1 + -3 - (0 + 0).
-2
What is the value of -1 + -2 - (3 - (-10 + 20))?
4
Calculate 1 + (-4 - -2) + (3 - -2).
4
What is (23 - 9) + -7 + -6?
1
What is -2 + (0 - 3) + -1 - -1?
-5
What is the value of -3 + -2 + 2 + -2 + 3?
-2
What is 1 + (-10 - -4) + 7?
2
What is -1 + -2 - (1 + (8 - 13))?
1
What is the value of (-6 - (-3 - 9) - 6) + 2?
2
What is the value of (-15 - (-9 - -3)) + 8?
-1
Calculate (3 - (1 + -4) - 19) + 6.
-7
Evaluate -7 - (-1 + -14) - 17.
-9
Calculate 5 - 9 - (-4 + (0 - -2)).
-2
Calculate 0 - (-7 + (-2 - (-8 + 2))).
3
What is 0 + -1 + -4 + (8 - 1)?
2
Evaluate -5 + 3 + 11 - 6.
3
What is the value of (6 - (3 - -2)) + -5 + 6?
2
Calculate (18 - 16) + 1 + -3.
0
Calculate -3 - ((0 - -2) + -5 + -5).
5
What is the value of 10 + (-3 - (11 - 3))?
-1
Calculate -5 + 1 - ((-4 - -2) + 0).
-2
What is -4 + (8 - (2 + 4 - 3))?
1
Calculate 1 - (4 + (-8 - (0 + -1))).
4
What is 111 - 112 - (1 - (5 - -1))?
4
-3 + (-5 - (-6 - (-5 + 2)))
-5
What is the value of -3 - (3 - (5 - (1 - 2)))?
0
What is the value of 16 + -10 - (0 - -2)?
4
(4 - 6) + 4 - (-1 + 4)
-1
Evaluate -6 + (4 - 0) - (-3 + 3).
-2
What is -3 + (-2 - -6 - 1 - 4)?
-4
(10 - (21 + -14)) + -9 + 2
-4
Evaluate -13 + (14 - (-14 + 14)).
1
What is the value of -2 + (2 - -3) + -1 + 3?
5
Evaluate 2 + 0 - (18 - 19).
3
Calculate -5 - -16 - (6 + 5).
0
Evaluate (-2 - -2) + 0 + 2.
2
Calculate -30 - -28 - (1 - 2).
-1
Calculate (-3 - 1) + 4 + 0.
0
What is -5 + (-4 - -4) + 2?
-3
Evaluate -4 + (4 - (2 - 4)).
2
2 + -1 + (0 + -2 - -2)
1
What is -2 - (0 - (8 - 0))?
6
What is the value of -13 - (-8 + (6 - 2))?
-9
0 - 4 - -1 - -3
0
What is the value of (-1 - -3) + 80 + -78?
4
What is the value of 37 + -38 + (2 - 3)?
-2
What is the value of -8 + 12 - (6 - (6 + -10))?
-6
What is (-1 - 1) + (2 - -6)?
6
15 + (10 - 7) + -10
8
What is 7 - (15 - 14 - (0 + 0))?
6
What is -42 + 48 - (-1 - (2 + -4))?
5
What is 3 - 5 - -2 - 4?
-4
What is the value of 3 - (-2 + (0 - (0 + -1)))?
4
Calculate -1 - -8 - (0 + 5) - -2.
4
Calculate 3 + (7 - 19) - -3.
-6
What is 0 + 7 + 1 + -4?
4
What is the value of -10 + 5 - -6 - (-2 - -2)?
1
Evaluate 21 - 17 - (-2 + 1 + 0).
5
-6 - (4 + 4 + -9 + -6)
1
What is (6 - 3 - 2) + -2?
-1
Calculate (3 - (6 + (-2 - -1))) + 4.
2
Evaluate 4 + (3 + -2 - 2).
3
What is the value of 3 + 2 + (8 - 9 - -3)?
7
What is the value of -5 + -1 + 4 - -6 - 0?
4
(-1 - (10 + -4 + -8)) + -5
-4
Calculate 4 + (-4 - -1 - 